2) - 30
-41
What is 29 + -61 + -26 + 2?
-56
Evaluate 71 - (315 - 127 - 73).
-44
-45 - -6 - (-42 - (-86 - -51))
-32
Evaluate 104 + -33 + (40 - 143).
-32
-532 + 525 + -4 + (-3 - 40)
-54
Calculate -13 + -4 + 2 - (-24 - 12 - 14).
35
((8 - 10) + -20 - -63) + -17
24
-2 + 4 + 3 - 3 - -7 - -67
76
What is 1 + (1 + -16 - -2) - (-5 + (-89 - -87))?
-5
Calculate (-36 - (2 - -1)) + (5538 - 5553).
-54
Calculate (-30 - 24 - -6) + 52.
4
What is the value of 0 - (-5 - 0) - (21 + 39 + -68 - 56)?
69
What is (-20 - 0) + (5 - -1 - 13) + -13 + 8?
-32
Evaluate (-10 + 0 - (11 + -9 - 11)) + -39.
-40
What is the value of 29 + -13 + -15 + -19 - -2?
-16
Evaluate -18 + 14 - -37 - (10 - (3 - -14)).
40
What is 14 - ((-298 + 308 - (1 + 7)) + -7) - -15?
34
(-21 - -3 - (2 + -9)) + -73 + 69 + 2
-13
Evaluate (-43 - 29) + -27 + (71 - 62).
-90
-11 + 0 + (-119 + 191 - -71 - (1 + 28))
103
What is the value of -107 + (1 - (-1 + 0)) + (-25 - -6) + 31?
-93
Evaluate 27 - (6 + 34 + -71).
58
Evaluate 24 + -33 + -12 + 3 + 31.
13
What is the value of 8 + 30 - 55 - (-3 - (-1 + 4))?
-11
0 + 20 + 49 + -72 + -9
-12
(-24 - -155) + -247 + 5
-111
Evaluate (-54 - -49) + 0 + -141 - (360 + -378).
-128
-7 - -11 - -1 - (-3 - -13 - -40)
-45
What is 0 + (-11 - -10 - 11 - 29)?
-41
Calculate 6 - (11 + (0 - 5) + -3 + -14).
17
Evaluate -3 + (-12 - -17 - -4) + -22.
-16
What is (-60 - 0) + 56 + (-4 - 1) + (-1 - -8)?
-2
10 - -3 - (4 - -52) - -3
-40
6 - (3 + -12 + 2 - -12) - -9
10
What is 3 + (8 - ((8 - -3) + -15)) + -40?
-25
-12 - (70 + (-15 - 84) + (-2 + -9 - -1))
27
Evaluate 26 + (53 + (-16 - 11) - -9).
61
What is the value of (-1 - (-51 - -71)) + 74?
53
What is 3288 + -3253 + (42 - 0)?
77
Calculate 1 + 6 + (74 + -61 - (1 - -11)).
8
What is the value of 299 + -339 + (-1 - -6) + 4?
-31
Calculate -21 + 4 + 3 + (39 - (-42 - -49)).
18
5 - (-7 + (11 + 4 + -5 - -1)) - 67
-66
What is the value of 53 + -2 + 0 + -2 + 40 + (-57 - -25)?
57
What is the value of -10 + -44 + 92 + 48?
86
Evaluate 59 - (-14 - -4 - (-16 + 26 + -15) - 2).
66
Evaluate (2321 - 2316) + (2 - (2 + 6) - 0) - -64.
63
What is 8 + 10 + -9 + -1 + 9 - (6 - 1)?
12
What is the value of (68 - (0 - 16 - -17)) + -32?
35
What is 66 - (49 - (55 + -32))?
40
Calculate 9 + -1 + 3 + (6 - (-12 + 81)).
-52
What is 705 - 560 - (34 - (6 + -16))?
101
Evaluate -41 + (18 - 137) - -141.
-19
What is the value of -38 + 20 + (11 - -1) + (4 - 14) - 4?
-20
What is the value of 0 + -91 - (-134 - (-72 + -47))?
-76
Calculate -82 - 1 - (2031 - 2127).
13
Calculate -29 + 8 + -8 + 16 + -5 - -10 - -15.
7
What is 23 + -25 + 10 - 54?
-46
38 + 45 - 54 - 113
-84
What is the value of 1 - 27 - ((-27 - -4) + 17 + -12 + 10)?
-18
Calculate 22 + (-49 - -111 - 42).
42
What is the value of -72 - (-5 + -26 + (72 - 36))?
-77
What is -45 - (-26 + -2 + 10)?
-27
Evaluate 14 + -38 + 5 + -6 - (0 + 124).
-149
Evaluate 21 - (191 + -35) - (2 - 9 - (-7 + 4)).
-131
Calculate 49 + 6 + (-43 - (-34 + 18)) + 6.
34
Evaluate 2 + 2 - (9 - (-31 + 57)).
21
What is 6 + -16 + 5 - (0 - (-9 + 8) - -4)?
-10
What is 69 - ((-1 + 3 - 26) + (31 - 21) - -21)?
62
What is 57 + (23 + -34 - 31) - (1 + -7 + 2)?
19
What is -520 - -513 - (-17 - -2 - (6 - 11 - -5))?
8
What is -26 + 67 + -54 + 42?
29
What is the value of -3 - -39 - (-98 + 143) - 80?
-89
What is the value of 85 - -2 - (3035 - 2961)?
13
Calculate 91 + -70 - -5 - -93.
119
Calculate 223 + -230 + 19 + 1 - (-6 + -65 + -2).
86
-41 - (80 - 31) - -98
8
What is the value of 9 - (-9 + 18 + -8 + (6 - 4 - 14))?
20
What is 99 + 2 + -1847 + 1775?
29
Calculate (-17 + 8 - ((-12 - -4 - -3) + -8)) + 27.
31
Calculate -10 + (33 - 22) + (13 - 22).
-8
What is 5 + -8 + 0 + -70 - (-85 + 74)?
-62
What is -30 - 1 - (28 - ((34 - 25) + 28))?
-22
Evaluate 33 + (-35 - -50) + -38.
10
-4 - (3 + 0 + (16 + -8 + -9 - -3))
-9
What is -32 - (-15 - (-31 + 44))?
-4
Calculate 59 + -107 + 27 + (103 - (-9 + 8)).
83
Evaluate 160 + -136 - (8 + -2 + 8).
10
Calculate -63 + (-285 - -291) + (1 + -3 + 1 - -3).
-55
What is (0 - 5) + -1 + (-5 - 3) + 5 + -80?
-89
Evaluate (-2 - 97) + (128 - (24 - -70)).
-65
What is the value of -3 + 37 + 3 + (-707 - -725)?
55
What is the value of (241 - 231) + -86 + -3 - -20?
-59
Evaluate -33 + 9 - (6 + (10 - 18) + -4).
-18
11 + 19 + 2 - (60 + 33)
-61
Evaluate -48 + 96 + -23 + -22 + -4 + 9.
8
What is (6 - -97) + -9 + 44 + -39?
99
Evaluate -12 - (-24 - -2 - (49 + 10)).
69
What is (235 - (-55 + 246)) + (1 + -10 + 0 - 1)?
34
What is 7 - (192 + -149 + (-7 - (-1 + -1 + 5)))?
-26
Evaluate (-7 - (-20 + 36)) + 38 - -39.
54
Calculate 60 - -1 - (-4988 - -4987).
62
Calculate -7 + 105 + -116 + 105.
87
What is the value of -1 - 58 - (-558 - -543)?
-44
Calculate (2 - -2) + -17 + 0 - (76 - (88 + -65)).
-66
Evaluate (27 - (-5 - -27)) + -133 + (-14 - 12).
-154
What is (19 - 84) + -4 - (-2 + -23)?
-44
-25 + (23 - 40) + 1 + 71
30
Evaluate -284 + 246 - (19 + -5).
-52
What is (14 - (63 + -30)) + (3 - 17)?
-33
What is -15 - (13 + -17 + -9 + -26)?
24
Evaluate -5 - (-9 - ((14 - (3 + 21)) + (7 - -80))).
81
What is the value of (-2 + 0 - -4 - -59) + -164 + (-119 - -279)?
57
Evaluate 1212 + -1236 - ((-2 - -3) + 2).
-27
Calculate 12 + -11 + (11 - (-10 - 19)).
41
What is 9 - 41 - (44 + 0 + -9)?
-67
What is -4 + (8 - 3) + 4 + 50 + -59 + -9?
-13
What is the value of -10 - -44 - -9 - 11 - (19 + (-48 - -14))?
47
Calculate -17 - (-11 + (-4 - (0 + (13 - 11) + -7))).
-7
Calculate 13 + ((-9 - -12) + -22 + 1 - -57).
52
What is 8 - (16 - 1) - ((-2 - (-1 + 6)) + 61)?
-61
Calculate (-36 - (-44 - -55 - 51)) + (72 + -1 - 1).
74
What is -49 - -212 - (72 - -17)?
74
Evaluate (-48 - -40) + -51 + 36.
-23
(-3048 - -3267) + -2 + -77
140
What is -21 - -250 - (118 + -17)?
128
Evaluate 46 - (5 + (19 - (-8 - -10))).
24
What is -194 + 211 + 5 + (-22 - (4 + 3))?
-7
Evaluate (-15 - -1) + (-33 - (35 + (14 - (7 + 17)))).
-72
58 + -107 + 40 + (-3 - -9)
-3
Evaluate -5 - 9 - (-73 - 0 - (-12 + 7)).
54
(112 - -2 - -4) + (-1500 + 1511 - (11 + 0))
118
What is the value of (-183 + 79 - -81) + (116 - 2)?
91
Calculate -7 + 3 + (6 + -8 - 9) + 26.
11
Calculate 87 - (-29 + (-113 - -265)).
-36
Calculate -23 - (-1 - (-5 + -5 + 9)).
-23
What is 5 + -7 - -73 - 39?
32
Calculate -15 + 27 - (17 + -1 + -13) - -9.
18
What is (-25 - 26) + (25 - 18)?
-44
What is -25 + 0 - (-2339 + 2257)?
57
(14 - -13 - -26) + -15 + 26
64
What is -84 + (15 + -2 - -26)?
-45
What is the value of (-3 + -6 - 1) + (-15 + 35 + -15 - 1)?
-6
Evaluate 92 - (16 + 5 + 28).
43
What is the value of 31 + (21 - 97 - -43)?
-2
Calculate -9 - (17 - (-29 + 17 + 8 + 5)).
-25
What is the value of (-8 - (56 - 44 - (17 + 2))) + -1 + 73?
71
Evaluate -59 + 78 + -52 - -55.
22
What is 7 + 26 + 14 + -35 + (-61 + 0 - 0)?
-49
What is 20 + 26 - 3 - 68?
-25
Calculate (4 + (32 + -9 - 12) - 0) + 36.
51
Calculate 0 + -32 + (11 - -54).
33
What is the value of (-37 - -18) + 5 + 0 + 0 + -7 + 8?
-13
What is 86 + -27 + 18 + 4 + 24?
105
Evaluate (9 - -48) + 8 - (-612 + 652).
25
What is -6 + 1 - (-1118 - -1094) - (135 - 1)?
-115
Evaluate (-7 - -13 - -5) + -15 + 18 + 9.
23
What is 10 - -25 - (43 - 30) - -37?
59
What is the value of -85 - 22 - -64 - (-4 - -34)?
-73
Calculate (-853 - -860) + (2 - (-3 + -3)).
15
Calculate 71 - 8 - (-3 - -8) - (3 + 0).
55
What is the value of (-10 + 2 - -14) + (22 - 78) + -1 + 2?
-49
Evaluate -51 + 19 - (85 - 50).
-67
Calculate 20 + (13 - 12) + -16 + -38.
-33
(59 - 29) + -13 - (54 - -2)
-39
What is the value of 54 + (-122 - -69) - -13?
14
What is the value of (41 + -1 - (-377 + 377)) + 15?
55
2 + (15 + 2 - (11 + 15)) - 79
-86
Calculate 3 - (2 + -20 - (15 + -47)).
-11
Calculate 2 - -21 - (-65 + 13 - -81) - -18.
12
Calculate -18 - 1 - (-451 - -413).
19
What is the value of (10 - 2) + (-1 + 80 - (-40 + 13 + 26))?
88
Evaluate (14 - 8 - -4) + 4 + -2 + 2 + 20.
34
(4 - 1) + -1 + (-152 - (-30 + -135))
15
What is 37 - (184 + 11 + -109)?
-49
(-19 - (-72 - (-59 + 42))) + 39
75
What is -18 + 15 + -67 + 0 + -2 + (-4 - -17)?
-59
What is -5 - (293 - 289 - (-24 + -4))?
-37
11 + 2 + 9 - ((-43 - 72) + 25)
112
Evaluate (0 - -8 - (206 - 158)) + -1.
-41
What is -142 - (-30 + -46) - -55?
-11
What is 11 - 20 - (-51 - 0) - (-50 + 57)?
35
Evaluate (35 - 107 - -43) + (-10 - 18).
-57
What is the value of (23 - 1) + (15 - -4 - 41) + 12?
12
-16 - -13 - (6 + (-5 + 6 - 3)) - -62
55
What is the value of 83 + -136 + 8 + 103?
58
